 s*a + a**3 - 74*a + 1 + a**2 - 75*a. Determine z(r).
-1
Let l(a) be the second derivative of 1/20*a**5 - 1/120*a**6 + 1/2*a**3 - 2*a**2 - 4*a + 0 - 1/24*a**4. Let q(t) be the first derivative of l(t). What is q(3)?
0
Let z(l) = 3*l**2 + 16*l + 38. Let k(f) = 2*f**2 + 7*f + 19. Let n(r) = 5*k(r) - 3*z(r). Calculate n(14).
-5
Suppose -151*v + 143*v = 32. Let i(o) = -o - 1. Calculate i(v).
3
Let m be (-2 - 3) + -3 + 3/3. Let p(n) = n**2 + 10*n + 2. Calculate p(m).
-19
Let j(x) = 2*x - 10. Let a(f) = f - 7. Let n(k) = 10*a(k) - 6*j(k). Determine n(-8).
6
Suppose -5*w = 7*w - 864. Suppose 3*m = -5*m - w. Let r(u) = u**2 + 9*u - 2. Calculate r(m).
-2
Let s(k) = k**3 + 10*k**2 - 12*k - 15. Let n be (-2)/(-3)*2376/(-144). What is s(n)?
-4
Let v(h) be the first derivative of h**5/20 - h**4/4 - 3*h**2/2 - 13*h + 6. Let b(m) be the first derivative of v(m). Give b(3).
-3
Let l(v) = v - 3. Let i(h) = 4*h - 5. Let c(g) = 2*i(g) - 3*l(g). What is c(-3)?
-16
Let i(q) = -q**2 - q + 8. Suppose -59*m - 35 = -54*m. Calculate i(m).
-34
Let t(u) = 2*u**2 - 2*u - 2. Let f(v) = 7*v + 342. Let y be f(-49). Determine t(y).
2
Let n(g) be the first derivative of -g**3/3 - 5*g**2 + 11*g - 3. Let z be n(-11). Let i(v) = z - 1 - 17*v + 15*v. Determine i(3).
-7
Suppose -7 = -5*p + u, 4*u = 9*u + 10. Let m be p + 1 - (-3 - 0). Let r(l) = 22*l**3 - m*l**2 - 21*l**3 + 2*l - 1 - 2. Determine r(5).
7
Let p(r) = -7*r - 5. Suppose 2*k = -5*i - 8 - 5, -3*k - 10 = -2*i. Calculate p(k).
23
Let g(m) be the first derivative of 33*m**2/2 + m - 200. Determine g(-1).
-32
Let h(y) = -8*y**2 - 6*y - 5. Let s(u) = 4*u - 14. Let i be s(5). Let f = 3 + 2. Let o(r) = 7*r**2 + 5*r + 4. Let j(q) = f*h(q) + i*o(q). Calculate j(-1).
1
Let z(b) = -2*b**2 - 7*b + 2*b**2 - b**2 - 14*b - 62. Give z(-18).
-8
Let l(a) be the third derivative of a**5/60 + a**4/24 - 5*a**3/6 - 297*a**2. What is l(0)?
-5
Let q(g) be the second derivative of g**5/20 - g**4/3 - g**3/3 - 3*g**2/2 - 156*g. Calculate q(5).
12
Let u(n) = -n**2 - 7*n - 2. Suppose 11*s - 7*s = 0. Let h = s - 2. Let p(r) = 2*r**3 + 2*r**2 - r. Let o be p(h). Determine u(o).
4
Let k be -1 - -5*12/(-10). Let c = k + 14. Let l be c/21 + (-10)/3. Let a(r) = -3*r + 3. Determine a(l).
12
Let u = -1530 - -1532. Let j(o) = -3*o**3 + 2*o**2 - 6*o + 3. What is j(u)?
-25
Let l(m) = m**3 - m + 1. Let p(y) = -6*y**3 - 2*y**2 + 6*y - 4. Let j(z) = 4*l(z) + p(z). Suppose 4*r = v + 6 + 1, 3*r - v = 5. Give j(r).
-20
Let j(v) be the third derivative of -7*v**4/24 - 5*v**3/6 - v**2 - 13*v. Give j(-4).
23
Let x(j) = 2 - 3 - 4*j - 1. Let z(c) = c + 5. Let q be -4 - -3*(-3 - -2). Let g be z(q). Calculate x(g).
6
Let s be 2/5 + (-1776)/240. Let v(a) = -5*a - 1. What is v(s)?
34
Let t(n) be the third derivative of n**5/60 + n**4/24 + n**3/6 + 2*n**2 + 3*n. Suppose 2*z = z. Suppose 4 = -z*d + 2*d. Calculate t(d).
7
Let w(g) be the second derivative of g**4/12 - 2*g**3 + 29*g**2/2 + 262*g. What is w(6)?
-7
Let h(d) be the third derivative of -3*d**2 - 1/120*d**5 + 0*d + 0 - 1/6*d**3 + 5/12*d**4. Let i(u) be the first derivative of h(u). Calculate i(5).
5
Let n(c) = -c**3 + 2*c**2 - 6*c**2 + 6*c**2 + 8 + c - 3*c**2. Give n(0).
8
Let f = 1 + -2. Let q(y) = -21. Let w(a) = -17. Let x(s) = 4*q(s) - 5*w(s). Let j(d) = -2*d + 8. Let r(v) = f*j(v) + 10*x(v). Give r(2).
6
Let o(s) = -5 - 6*s - 11*s - 3*s + 16*s. Calculate o(-3).
7
Let r(h) = h**2 + 6*h - 9. Let b be ((-18)/(-30) - (-49)/10)*10. Let l = 48 - b. Determine r(l).
-2
Let d(f) = -2*f + 59. Let b(k) = -2*k + 60. Let h(j) = -6*b(j) + 7*d(j). Calculate h(24).
5
Let r(g) = 1163*g + 2 - 2 + 6 - 1161*g. Calculate r(-7).
-8
Let n(a) = -10*a + 2. Suppose -32 + 18 = 7*t. What is n(t)?
22
Let o(v) be the third derivative of -v**7/840 - v**6/45 - v**5/120 - v**4/6 - 2*v**3 - 2*v**2. Let s(h) be the first derivative of o(h). Give s(-8).
4
Let k(b) = -3*b + 3. Let u(p) = 21*p - 63. Let z(g) = -6*k(g) - u(g). Give z(16).
-3
Let q be -1 + 4/(7 + -3). Let d(h) = -7 + 0 + 1 + q*h + 2*h. Give d(5).
4
Let c(b) be the first derivative of b**4/4 - 8*b**3/3 - 11*b**2/2 - b - 56. Calculate c(9).
-19
Let s(c) be the first derivative of -1/8*c**4 - 1/3*c**3 + 0*c - 4 - 1/360*c**6 + 1/20*c**5 + 0*c**2. Let b(t) be the third derivative of s(t). Calculate b(4).
5
Suppose 23*o - 22*o - 1 = 0. Let i(s) = o - 5*s + 6*s**2 - 3*s + 8*s - s. Give i(1).
6
Let m be -5*(-32)/200*5. Let k(u) = u**3 - u**2. Let i(l) = -7*l**3 + 9*l**2 + 6*l - 3. Let o(a) = i(a) + 6*k(a). Give o(m).
5
Let w(z) be the first derivative of -7*z**3/3 + 2*z**2 - 3*z - 498. Calculate w(2).
-23
Let c(f) = f**3 - f**2 - 3*f + 3. Let s(r) = 2*r**3 - r**2 - 5*r + 6. Let d(z) = 5*c(z) - 2*s(z). What is d(4)?
-1
Let p(a) = 2*a**2 - a - 1. Let g(n) = 13*n**2 - 2*n - 14. Let m(h) = -g(h) + 6*p(h). Calculate m(-6).
-4
Suppose 2*s - x + 6*x + 10 = 0, x + 2 = -2*s. Let m(q) = -q**2 - q - 16. Determine m(s).
-16
Let l(f) be the first derivative of -2*f**2 - f + 7. Let t = -195 + 198. Calculate l(t).
-13
Let h be ((-2)/(-3))/(28/546). Let g(i) = -i**2 + i + h - 25 + 12. Let v be 1 + 1/3*0. Give g(v).
0
Let y(h) = h**2 - 1. Suppose -2*b + 8 + 2 = 0. Suppose 0 = 4*w - 3*x + 7, -b*w - x + 35 = 4*x. What is y(w)?
3
Suppose 4 = -4*x + 12. Let z(r) = -7*r + 1 - 2*r**2 + x*r**2 + 2*r**2 + 9*r. Let h be ((-3)/3)/(1 - 0). Calculate z(h).
1
Let j(f) = -2*f**3 + 2*f**2 - f. Suppose -4*r - r + 112 = 4*v, -v = 4*r - 28. Suppose 0 = 5*q - 4*c + 10, 2*q + 4*c = -2*q + v. Calculate j(q).
-10
Let n(k) be the second derivative of -k**3/2 + 9*k**2/2 - 519*k. Calculate n(1).
6
Suppose 3*m - 19 = 4*r, 2*m + 8 = 2*r + 4*m. Let u be (-1)/1*-4 - 4. Let z(s) = -s - 2 + 1 + u*s**2 - s**2 + 0*s. Give z(r).
-1
Suppose 4*w - 25 = -w. Suppose -w*q = -2*p - 11, -4*q = 2*p - q - 13. Let a(k) = -k**3 - 3*k**2 + 2. Give a(p).
-18
Let a(y) = -y**2 - 8*y + 4. Let f(q) = -q**2 + 14*q - 51. Let n be f(6). Let c be 24/n + 0/(2 - 0). Give a(c).
4
Let u(y) = 3*y + 26. Let r(d) = 5*d + 52. Let m(l) = 4*r(l) - 7*u(l). Calculate m(11).
15
Let d(x) be the third derivative of x**5/60 + 11*x**4/24 - x**3 + 3*x**2 - 8. What is d(-11)?
-6
Let l = 541 - 543. Let a(d) = -5*d - 6. Give a(l).
4
Suppose 2*k + 5*r = -16, 5*k = 2*k - 3*r - 6. Let g be (k + 0)*((-18)/4 + 1). Let l(p) = -p**3 - 8*p**2 - 9*p - 9. Calculate l(g).
5
Suppose 4*j - 13 = 3. Let z(u) = 7 - u**2 - 5 + 4*u - 5. Give z(j).
-3
Let z(j) = -2*j**3 + 40*j**2 - j + 14. Let o be z(20). Let u(w) = -w**3 - 7*w**2 + 26. Calculate u(o).
-10
Let b(z) be the first derivative of -z**2/2 - 10*z - 8. Let u be b(-10). Let c(j) = -j**2 + j - 2. Determine c(u).
-2
Let g(y) = -2*y**2 + 10*y - 4*y - 11*y - 6 + y**2. What is g(-5)?
-6
Suppose 4*d = -3*c + 2*c - 9, 0 = -5*c + 2*d + 21. Let m(y) = -c*y**2 - 5*y**2 + 3 + 17*y**2 - 12*y**2 + y**3 - 6*y. Determine m(4).
-5
Let m(a) = a**3 + 9*a**2 + 7. Let j be (-5)/(100/(-4008)) + (-6)/15. Suppose 3*t = j - 227. Give m(t).
7
Let t(j) = 3*j**2 + 8*j - 6. Let z(y) = 17*y**2 + 39*y - 30. Let k(u) = -11*t(u) + 2*z(u). Determine k(5).
-19
Let z(l) be the second derivative of -l**3/6 + l**2 + l. Suppose 20*o + 11*o + 32 + 92 = 0. Determine z(o).
6
Let q(s) be the third derivative of -s**5/60 - 7*s**4/24 - 3*s**3/2 + 22*s**2. What is q(-6)?
-3
Suppose 0 = -2*s - 4*f + 8, -f - 1 = -s + 6. Let y(j) = -5*j**3 + s*j**3 + 2*j + 3*j**2 - 1 + 0*j. Calculate y(-2).
-1
Let r be 15/(-20)*(-12)/9. Let p(d) = -2821*d + 2816*d + d**2 - r + 1. Determine p(4).
-4
Let t(k) be the first derivative of k**4/4 - 14*k**3/3 - k**2/2 + 6*k + 4. Let z be t(14). Let l = 13 + z. Let p(q) = -q - 1. Determine p(l).
-6
Let v(n) be the second derivative of n**4/12 - 7*n**3/6 + 5*n**2 - 498*n. What is v(3)?
-2
Let h(p) be the first derivative of p**4/4 - 9*p**3 + 49*p**2/2 + 22*p - 42. Give h(25).
-3
Let f be 2/8*0/(-9). Let j(r) = -7*r**2 - 3 + 3*r**2 + f*r**2 + r**2 - 2*r. What is j(-2)?
-11
Let f(z) = 3*z + 26. Let q(x) = 4*x + 25. Let m be (-24)/42 - 76/14. Let c(d) = m*f(d) + 5*q(d). Let r be c(14). Let v(o) = 4*o - 1. Give v(r).
-13
Suppose -6 + 4 = 2*k. Let i(f) = -1. Let w(l) = -2*l - 6. Let c(p) = k*w(p) + 4*i(p). Let b be c(1). Let j(d) = -d**2 + 2*d + 5. What is j(b)?
-3
Suppose 0 = -3*f - d - 11, -2*d = 2 + 2. Let x(y) = -y. Let r be x(f). Let b(j) = j. Give b(r).
3
Let d(